 + 2)) + (-1246 - -1235)
26
What is the value of -26 - (173 - 42 - 118)?
-39
What is 112 - 131 - (-44 - 31)?
56
Evaluate (-20 - (-4 - -1)) + (-626 - -602).
-41
Calculate (-1 - -74) + (-10 - (12 - (13 + -4))).
60
13 + (-4 - (0 - (15 + 6) - -9) - -1)
22
Evaluate 3 - 24 - ((-12 + 10 - 10) + -53).
44
What is the value of -17 - -26 - (-6 + -20 + 36 - (6 + -2))?
3
What is 2 + 0 + -1 + (-27 - -50 - 60) + 15?
-21
42 + (-52 - (54 - 55))
-9
Calculate 2 - (-2 - 19) - (796 + -806) - -10.
43
35 + -30 - (-3 - (7 - 4)) - 24
-13
Evaluate 63 + (-1 + 39 - (125 - 98)).
74
Calculate 2202 + -2210 + (-4 + 22 - -1).
11
-1 + (-32 - -1) + (8 - (-26 - 6)) + -34
-26
Calculate (-8 - (25 - 15) - -25) + -15.
-8
What is 173 + -163 + (-4 - -18) - 25 - -1?
0
-59 + 4 - (3 + 11 + 6 + -22)
-53
What is the value of -117 + 53 + 2 + 5 + (2 - 1)?
-56
20 + -42 + -10 + -1 + 5 + 9 + -5
-24
What is the value of (73 + -57 - 24) + 46?
38
What is -8 + (2 - (-11 + 31)) + 21?
-5
What is the value of -26 + -657 + 659 + (1 - 9) + -1?
-33
Calculate 73 - 1 - (0 + 0 - 1) - (63664 - 63677).
86
Evaluate 301 + -315 + (2 - (9 - 7)) + 2.
-12
12 - 60 - (-38 + -10)
0
What is the value of 33 + 0 + (303 - 46 - 220)?
70
What is -16 + (-9 - (-7 - (-9 - -7)) - (8 + -14))?
-14
What is -2 - 3 - (8 - 3) - (0 + 8 + 2)?
-20
(-16 - (1 - 30)) + -54 + 1 + -2 + 10
-32
What is 84 - 205 - -129 - -58?
66
What is the value of 18 + -23 + -9 + (0 - 17)?
-31
What is -46 + (9 + -3 - (-10 + 4)) + (-151 - -126)?
-59
What is the value of 74 - (86 - -33 - 38) - (0 + 20)?
-27
What is the value of 16 + -13 - ((6 - -10 - -90) + (0 - 11))?
-92
What is 8 - 26 - (-343 + 227)?
98
What is (2 - 13) + (-56 - (-24 + -19))?
-24
What is -36 - (4 + 0) - -23?
-17
13 - (8 + -5 - (26 - 26)) - (-48 + -16)
74
What is (0 - (10 + -27)) + 4 + -10?
11
Evaluate -4 + -2 + (49 - 33) + 2 - -18.
30
202 + (-86 - 182) - (1 + 11)
-78
What is the value of -99 + (-97 - (-63 - 55))?
-78
Evaluate 6 + -1 + -5 + -21 + (-17 - (8 + -27)).
-19
What is the value of 134 + -225 + 81 + (2 - 17)?
-25
Calculate 88 - (-5 - 3 - (-24 + (24 - -11))).
107
(-258 - (-2 - 280)) + 14 + 0 + 1
39
What is the value of 34 + 3 + (-5 - 9) - (-4 - -11)?
16
Evaluate -139 - -109 - (27 + -21).
-36
What is -50 - -2 - (5 + -80)?
27
Evaluate (-3 - -6) + -25 + 8 + -5 + (157 - 131).
7
What is the value of -2 + -145 + 55 - -131?
39
Calculate -32 + (35 - 17) + 54.
40
Evaluate (0 - (-56 - 1)) + (-5495 - -5480).
42
What is the value of (43 - 0 - 7) + -40?
-4
Calculate 91 + -24 + 1 + (-55 - (-83 - -8)).
88
Calculate 240 + -234 - (-51 + -8 + 8 + 6).
51
-3 - -27 - (-3 - (43 + -66)) - (0 + -37)
41
Calculate 61 + 11 + -33 - 107.
-68
What is 3 + -6 - 2 - (12 - (-6 + -17 + -29))?
-69
What is the value of -175 + 122 - -38 - (-67 + -2)?
54
42 - (-11 + -129 - -94)
88
What is the value of 2823 + -2829 + (-79 - 2)?
-87
Calculate 10 + ((-2 - -12) + -4 - (-3 + 1) - -37).
55
What is (-1 - 77) + 14 + -33 + (20 + -22 - -22)?
-77
(3 + (-4 - -4) - -25) + -186 + 195
37
-4 + 56 + 2 + (-8 - -4) + 63 + -68
45
What is the value of (0 - (8 - (-3 + 9) - (26 - 16))) + -11?
-3
What is the value of 115 + 9 + -8 + 1 + 13 + -126 + 104?
108
Calculate (0 - 0 - (-13 + 1)) + 16155 + -16179.
-12
(-1 - 1 - 5) + 71 + -29
35
What is the value of -147 + (225 + -40 - 51)?
-13
Calculate -1005 + 1018 - (1 + 29).
-17
What is -396 - -435 - (-10 + -1 - -60)?
-10
Calculate -86 + 189 + -57 + -80.
-34
(0 - (-1 + 43)) + -36 + 9 + 17
-52
16 + -33 + (-2 - 14 - -29)
-4
Evaluate 0 + 0 + 0 + 2 + -24 + 66 + -9.
35
What is the value of -20 - (-22 - 43 - (-21 - 2)) - 43?
-21
3 + -3 + -3 - (-24 - (-46 - -12) - 48)
35
What is the value of 515 + -413 - (-6 + (4 + -3 - -7))?
100
(-82 - (-17 + -28)) + 28
-9
(27 - 19) + -13 + -53
-58
Calculate 0 + -7 + 0 + 14 - (-10 - (7 - 4)).
20
53 + -7 + -2 + -68
-24
Calculate 12 - ((34 - 42 - (-1 + 5)) + (-1 - 13)).
38
What is -2 + 0 + -2 - (160 - 78 - 82)?
-4
Evaluate 52 + 7 + -4 + -15.
40
Calculate -4 + -7 + 5 - (-20 + (-31 + -3 - -1)).
47
Calculate -8 + 2 + 10 + -39 + 1 + -7.
-41
Evaluate -2 - ((19 - -3 - 53) + 3).
26
Calculate 9 + -8 + 0 + 4 + 11 + -4.
12
What is the value of 18 - (-7 - -1) - (23 + 47)?
-46
What is the value of 109 + -18 - (49 - 35)?
77
Evaluate -2 - (6 - 2 - (21 + -15 + -10)).
-10
(4 - (-3 + 4) - 0) + -893 + 822
-68
What is the value of -27 + (-9 + 9 - -5) + 9 + 153?
140
73 + -43 - (11 - -33)
-14
What is the value of (4 - (-13 + 23)) + 3 + -7 + 12 + -4?
-2
What is 101 - -30 - (65 + 3)?
63
Calculate -22 + (-18 - (-8 + 9)).
-41
What is (-3 - (6 + -5)) + 11 - (-41 - (3 - 0))?
51
What is (-11 + 21 - (4 - -11)) + -35 + 2?
-38
Calculate -64 + (142 - 54) + -45.
-21
(12 + -6 - 61) + 71 + -77
-61
Evaluate -6 + 9 + 844 + -815.
32
Calculate -12 + -34 + -28 + 95.
21
Calculate -5 + 2 + -13 + (-4 - (-74 - -21)).
33
What is 3 - 6 - (10 - (-19 + 11 - -35))?
14
Evaluate -101 - (6 - (24 + (-22 - -14))).
-91
Evaluate -8 + 15 + 5 - (-8 + 15) - (19 + 0).
-14
What is the value of -41 - (-57 - (2 - 71))?
-53
What is the value of 31 + -6 + 10 + 1 + 16 + -6?
46
Calculate -4 + 4 + 2 + -1 + (4062 - 4180).
-117
104 - (249 + (83 - 151))
-77
What is the value of -1065 - -1012 - (-79 - -2)?
24
What is -1 - 4 - (-23 - (6 + 9 - 3))?
30
Evaluate -28 - 13 - -30 - -7.
-4
What is -17 + ((4 - -13) + 0 - 10) + -9?
-19
Calculate -72 - -158 - 39 - -42.
89
-89 + 100 - (-3 + 2 - 26)
38
What is -133 + 266 + -46 - -12?
99
What is 128 - (-22 + 164) - (8 + -1)?
-21
What is the value of 86 + -52 + (-167 - 0)?
-133
-8 + 1 - (0 - -1 - (-76 + 79 - 48))
-53
What is the value of -5 + (0 - -2 - (20 - 33)) - -12?
22
Evaluate -192 + 161 - (3 - 1).
-33
Calculate (-203 - -177) + 0 + -3 + (5 + -1 - -6).
-19
What is 173 + -26 + -130 - (-1 - 74)?
92
Calculate 0 + -8 - (911 - 942).
23
Evaluate (2 - 47) + (89 - 43) + -72 - -22.
-49
What is the value of -4 - (20 + (-25 + 2 - 95) - -17)?
77
Evaluate (-346 - -365) + (63 + -8 - 8).
66
Calculate 24 + (10 - (5 - (-10 - (9 + -24 - -7)))).
27
-14 + 1 - ((67 - 74) + -72)
66
-1 - -1 - (-3 + 17) - (739 + -731)
-22
Evaluate 84 + -42 + -26 + 12.
28
Calculate (-43 - 52 - -62) + -31.
-64
(-20 - (-1 + 1)) + 78 + -43
15
What is (0 - 54) + -768 + 775?
-47
What is the value of -27 + -32 + 85 + -84?
-58
-2 + 0 - (-68 + 19 + (10 - -1 - -4))
32
(32 - -10) + -4 + -3 + -10
25
What is the value of (-24 - 1) + (154 - (36 - -103))?
-10
Evaluate -64 + (71 - (-1 - -22)).
-14
What is (1305 - 1308) + 2 + (4 - -25)?
28
7 + -6 + -1 + 6 + 5 + -3
8
What is the value of (16 - ((12 - (1 + 13)) + 21)) + (6 - -3)?
6
Calculate 21003 + -20936 - (-1 + -5).
73
Calculate (-75 - -53) + -37 - -79.
20
What is 3 - -1 - (-34 + (-33 - -5) + 15)?
51
What is the value of -11 - (20 + -20 - (10 + -9 + 5 + -10))?
-15
55 - (2 + -12 + (-26 - -39 - 3))
55
1 + (47 - (-42 + 79)) - (-2 - (8 - 0))
21
(12 - 7 - 62) + 5 + -7 + 12
-47
What is the value of -1 - (0 - (21 + -10)) - ((18 - -10) + -12)?
-6
Calculate (450 - 553) + (105 - 4).
-2
What is 91 - (-136 + 95 + 202)?
-70
What is the value of -9 + 7 - -28 - (-5 - -7)?
24
Evaluate 12 + -75 + 5 + 74.
16
Evaluate (-5 + 6 - (3 + -107 + -1)) + (-87 - -86).
105
Calculate 5 + 1 + -2 + (197 - (-216 - -381)).
36
Evaluate (0 - -2 - 2 - -2) + (-733 - -687) - -5.
-39
228 - 190 - (1 + 9) - 60
-32
Evaluate (-2 - -7) + -75 - (-91 - -77).
-56
Calculate -3166 + 3171 - (17 - -1).
-13
Evaluate -193 + 133 + 58 + 40.
38
354 - 382 - (-111 - 2) - 24
61
What is the value of (-1 + -5 + 7 - 8) + -12 + 4?
-15
What is the value of 23 + -17 + 1 - 13?
-6
What is the value of (133 - 110 - 8) + 1 + -31?
-15
What is the value of (2 - (-4 - -69)) + -4 + 73 + -63?
-57
What is -58 + (-83 - -204 - 48)?
15
What is the value of 50 + -21 - 18 - -11 - 59?
-37
Calculate -16 + 27 - 26 - (-4 + (13 - -24)).
-48
1 + 25 + 6 + -81 + 97
48
What is 13 + -28 - ((4 - 1) + 45 + -40)?
-23
What is -8 + 9 + -23 + 60?
38
What is the value of 174 + -147 + -1 + 31?
57
-4 + (-9 + 18 + -7 - -11) + -26
-17
Calculate -18 - (7 + -13 + 30 - 10).
-32
What is (-3 - -1) + 17 + 33 + (-72 + 25 - -3)?
4
Calculate (-15 - ((19 - -28) + -31)) + -62.
-93
18 + (-1 - 3) + 97 + (-147 - -76)
40
Evaluate -19 + -16 + -17 + (-4 + 11 - -4).
-41
Evaluate 0 - 8 - (6 + -18 - (-5 + 32)).
31
Evaluate (-235 - -223) + (1 - 0) - (53 + (-3 - 5)).
-56
Evaluate -8 + (-107 - (2 + -81)).
-36
Calculate (62 - (41 - 23))